?
True
Is 2153 prime?
True
Is 14483 prime?
False
Is 26309 a prime number?
True
Is 18649 a composite number?
True
Is 235091 a prime number?
True
Is 18429 a composite number?
True
Is 677 prime?
True
Is 1041 prime?
False
Is 1621 composite?
False
Is 40787 prime?
True
Is 8497 a prime number?
False
Is 267493 prime?
True
Is 2249 a prime number?
False
Is 1037017 a prime number?
False
Is 20647 a composite number?
True
Is 2099 composite?
False
Is 1073 prime?
False
Is 22259 a composite number?
False
Is 650911 prime?
True
Is 17371 a prime number?
False
Is 351829 composite?
False
Is 27767 prime?
True
Is 32831 a composite number?
False
Is 9601 a composite number?
False
Is 489941 a composite number?
False
Is 56761 composite?
True
Is 11335 a composite number?
True
Is 13523 a composite number?
False
Is 23281 a prime number?
False
Is 58118 prime?
False
Is 59911 composite?
True
Is 11593 prime?
True
Is 79159 a composite number?
False
Is 71039 composite?
False
Is 9533 composite?
False
Is 21377 composite?
False
Is 1675303 prime?
False
Is 1633261 a prime number?
False
Is 5077 prime?
True
Is 1055 prime?
False
Is 262967 a composite number?
True
Is 96463 a composite number?
True
Is 61613 prime?
True
Is 573569 a prime number?
True
Is 3994343 a prime number?
False
Is 20103 prime?
False
Is 2722 composite?
True
Is 11311 a composite number?
False
Is 9853 a prime number?
False
Is 94363 a prime number?
False
Is 90877 a composite number?
True
Is 92839 a composite number?
True
Is 6387 a composite number?
True
Is 54301 a composite number?
True
Is 88649 a composite number?
True
Is 53359 a prime number?
True
Is 2091797 prime?
True
Is 188237 a prime number?
False
Is 14019 prime?
False
Is 9767 a composite number?
False
Is 61309 a composite number?
True
Is 51031 composite?
False
Is 199847 prime?
False
Is 13085 a composite number?
True
Is 3973 a composite number?
True
Is 367757 composite?
True
Is 34739 prime?
True
Is 3238337 prime?
True
Is 17117 composite?
False
Is 16301 a composite number?
False
Is 7921 prime?
False
Is 137671 a composite number?
True
Is 1966241 composite?
False
Is 141131 a composite number?
False
Is 4421353 prime?
True
Is 1299401 prime?
False
Is 16877 a composite number?
True
Is 9662 a composite number?
True
Is 1608247 composite?
True
Is 47279 a composite number?
False
Is 16271 prime?
False
Is 8803 prime?
True
Is 6595 a composite number?
True
Is 3109 composite?
False
Is 128473 a prime number?
True
Is 53299 composite?
False
Is 32327 composite?
False
Is 11617 composite?
False
Is 15567 a composite number?
True
Is 8495 a composite number?
True
Is 128593 composite?
True
Is 16313 a prime number?
False
Is 19231 a composite number?
False
Is 765961 composite?
True
Is 70697 prime?
False
Is 4265 composite?
True
Is 10573 composite?
True
Is 6079 prime?
True
Is 8006 prime?
False
Is 17555 a composite number?
True
Is 11611 a composite number?
True
Is 13241 a prime number?
True
Is 28453 a prime number?
False
Is 90641 prime?
True
Is 1514 a composite number?
True
Is 37429 a prime number?
False
Is 10883 composite?
False
Is 133139 prime?
False
Is 26899 a prime number?
False
Is 44609 a prime number?
False
Is 120277 prime?
True
Is 7022 composite?
True
Is 24159 a composite number?
True
Is 2519939 a composite number?
False
Is 374435 a prime number?
False
Is 6619 composite?
False
Is 70027 prime?
False
Is 2529049 a prime number?
False
Is 1197697 a composite number?
False
Is 541 a composite number?
False
Is 13193 a prime number?
False
Is 195193 composite?
False
Is 513917 a composite number?
False
Is 28019 prime?
True
Is 2101313 prime?
True
Is 25367 a composite number?
False
Is 858965 a composite number?
True
Is 4583 a prime number?
True
Is 138793 a prime number?
True
Is 37493 a prime number?
True
Is 43573 prime?
True
Is 57637 prime?
True
Is 204333 composite?
True
Is 794705 composite?
True
Is 9511 prime?
True
Is 5399 a prime number?
True
Is 176273 a composite number?
True
Is 452629 a prime number?
True
Is 88289 composite?
False
Is 234277 prime?
False
Is 2071331 prime?
False
Is 38721 prime?
False
Is 9353 composite?
True
Is 497831 a prime number?
True
Is 100043 a composite number?
False
Is 40631 a composite number?
True
Is 11699 composite?
False
Is 73699 a composite number?
False
Is 939 a composite number?
True
Is 91733 a composite number?
False
Is 4873 a composite number?
True
Is 817273 a prime number?
True
Is 26669 composite?
False
Is 22171 prime?
True
Is 676023 a composite number?
True
Is 2514931 composite?
False
Is 21389 prime?
False
Is 88943 composite?
True
Is 8657 a prime number?
False
Is 163307 prime?
True
Is 211321 a composite number?
True
Is 4083 a composite number?
True
Is 35833 composite?
True
Is 24431 prime?
False
Is 76637 a composite number?
True
Is 91493 prime?
True
Is 147417 composite?
True
Is 21713 prime?
True
Is 541 composite?
False
Is 244889 a prime number?
True
Is 13523 composite?
False
Is 2309 a prime number?
True
Is 245771 prime?
True
Is 5209 prime?
True
Is 20671 prime?
False
Is 31069 a composite number?
False
Is 15685 a prime number?
False
Is 736511 a prime number?
True
Is 84163 a prime number?
True
Is 571 a prime number?
True
Is 693811 composite?
True
Is 37217 a composite number?
False
Is 21283 a prime number?
True
Is 408311 a prime number?
True
Is 407249 a prime number?
True
Is 260907 a composite number?
True
Is 10579 a prime number?
False
Is 6067 a composite number?
False
Is 37907 prime?
True
Is 2545 prime?
False
Is 70293 a composite number?
True
Is 128569 prime?
False
Is 36658 a prime number?
False
Is 2531 composite?
False
Is 126619 prime?
False
Is 95647 composite?
True
Is 1374719 a composite number?
False
Is 13259 prime?
True
Is 328919 a composite number?
False
Is 1204597 prime?
True
Is 1087 prime?
True
Is 6547 a prime number?
True
Is 1147 a composite number?
True
Is 2488379 a composite number?
False
Is 411 a composite number?
True
Is 4861 a prime number?
True
Is 14709 composite?
True
Is 36415 a composite number?
True
Is 644843 a prime number?
True
Is 31429 a composite number?
True
Is 52103 a composite number?
False
Is 311153 prime?
True
Is 27329 a prime number?
True
Is 599965 a composite number?
True
Is 2049 composite?
True
Is 13487 composite?
False
Is 382331 composite?
False
Is 1171 a prime number?
True
Is 46339 a prime number?
False
Is 23379 a prime number?
False
Is 20639 a composite number?
False
Is 94811 prime?
True
Is 50821 a prime number?
True
Is 29407 prime?
False
Is 47711 prime?
True
Is 51871 prime?
True
Is 4141 a prime number?
False
Is 121139 composite?
False
Is 5963 composite?
True
Is 72453 a composite number?
True
Is 997283 prime?
False
Is 52727 prime?
True
Is 6389 a composite number?
False
Is 36463 composite?
True
Is 12197 a prime number?
True
Is 7069 composite?
False
Is 34453 a prime number?
False
Is 5939 composite?
False
Is 23513 a composite number?
True
Is 3989 a prime number?
True
Is 11041 prime?
False
Is 180185 composite?
True
Is 1597 prime?
True
Is 20467 composite?
True
Is 4737 a prime number?
False
Is 93787 a prime number?
True
Is 1031 composite?
False
Is 4918 prime?
False
Is 14797 prime?
True
Is 1685 a prime number?
False
Is 50321 a prime number?
True
Is 15101 prime?
True
Is 27059 composite?
False
Is 682541 a prime number?
False
Is 58451 a prime number?
True
Is 18701 a composite number?
False
Is 67511 composite?
False
Is 15089 a prime number?
False
Is 137687 a prime number?
False
Is 3109 a composite number?
False
Is 81077 composite?
False
Is 35071 composite?
True
Is 154613 a prime number?
True
Is 555623 composite?
True
Is 114355 a composite number?
True
Is 149945 prime?
False
Is 59027 composite?
True
Is 59905 a composite number?
True
Is 13522 a composite number?
True
Is 546263 composite?
False
Is 93187 a prime number?
True
Is 1283137 a composite number?
False
Is 3821 prime?
True
Is 124979 a prime number?
True
Is 420839 a prime number?
False
Is 15217 prime?
True
Is 14941 a composite number?
True
Is 12677 prime?
False
Is 509186 a prime number?
False
Is 43863 composite?
True
Is 11359 prime?
False
Is 110963 composite?
True
Is 464833 composite?
True
Is 278453 composite?
True
Is 709271 a composite number?
False
Is 3433 a prime number?
True
Is 88843 a prime number?
True
Is 1706311 prime?
True
Is 5539 a prime number?
False
Is 295511 prime?
False
Is 5557